vide 4147020?
True
Is 108 a factor of 111666?
False
Does 40 divide 35924710?
False
Does 84 divide 2425248?
True
Is 2675883 a multiple of 7?
True
Is 89739 a multiple of 13?
True
Is 189929 a multiple of 11?
False
Does 84 divide 96768?
True
Does 43 divide 89397?
True
Is 13 a factor of 1393669?
False
Is 10631595 a multiple of 334?
False
Does 26 divide 127964?
False
Does 20 divide 23780?
True
Is 1802889 a multiple of 33?
True
Does 168 divide 920506?
False
Is 95 a factor of 251750?
True
Is 37467 a multiple of 207?
True
Is 21 a factor of 671307?
True
Does 7 divide 45818?
False
Is 45 a factor of 319503?
False
Is 9 a factor of 7106652?
True
Is 1631098 a multiple of 30?
False
Does 711 divide 586148?
False
Does 110 divide 6941242?
False
Is 44 a factor of 158004?
True
Is 31689 a multiple of 17?
False
Is 12564 a multiple of 74?
False
Is 39 a factor of 1435863?
True
Is 402354 a multiple of 7?
False
Does 151 divide 48018?
True
Does 20 divide 3005480?
True
Is 262143 a multiple of 29?
False
Is 33054 a multiple of 81?
False
Does 15 divide 62235?
True
Is 15 a factor of 48547?
False
Does 260 divide 8120060?
True
Is 561235 a multiple of 24?
False
Is 220224 a multiple of 13?
False
Is 1856736 a multiple of 504?
True
Is 793724 a multiple of 121?
False
Does 41 divide 792255?
False
Does 93 divide 143034?
True
Is 68057 a multiple of 29?
False
Does 22 divide 733653?
False
Is 7 a factor of 381423?
True
Is 194 a factor of 418458?
True
Is 15 a factor of 1094941?
False
Does 90 divide 634934?
False
Does 661 divide 2431819?
True
Is 101586 a multiple of 3?
True
Is 1676700 a multiple of 6?
True
Does 344 divide 699931?
False
Does 28 divide 606872?
True
Is 4680576 a multiple of 32?
True
Does 23 divide 7686906?
False
Is 2057760 a multiple of 32?
True
Is 21 a factor of 1808310?
True
Is 186 a factor of 537653?
False
Is 343 a factor of 30153?
False
Does 493 divide 746402?
True
Is 53 a factor of 53980?
False
Does 26 divide 173810?
True
Is 1979034 a multiple of 998?
True
Does 4 divide 3366?
False
Does 17 divide 2366925?
False
Is 86375 a multiple of 7?
False
Is 291555 a multiple of 99?
True
Is 145 a factor of 232290?
True
Is 64576 a multiple of 64?
True
Is 741 a factor of 8870762?
False
Does 11 divide 6406015?
True
Is 1267319 a multiple of 5?
False
Is 72 a factor of 48168?
True
Is 1003 a factor of 5225630?
True
Is 113 a factor of 1110141?
False
Is 438 a factor of 1849050?
False
Does 105 divide 345660?
True
Is 17 a factor of 11444?
False
Is 1804821 a multiple of 456?
False
Does 322 divide 3525042?
False
Does 27 divide 152199?
True
Does 12 divide 302192?
False
Does 12 divide 13836?
True
Is 306327 a multiple of 81?
False
Is 84 a factor of 2211727?
False
Is 6 a factor of 31513?
False
Is 33 a factor of 125651?
False
Is 3575774 a multiple of 15?
False
Does 323 divide 8853751?
False
Is 536976 a multiple of 594?
True
Does 19 divide 373084?
True
Is 473904 a multiple of 108?
True
Does 893 divide 16335649?
True
Is 4 a factor of 101224?
True
Is 10 a factor of 352699?
False
Is 26 a factor of 1887841?
False
Is 8 a factor of 99436?
False
Is 22 a factor of 644517?
False
Does 39 divide 492585?
False
Does 17 divide 191267?
True
Is 29 a factor of 477174?
False
Is 99 a factor of 10545975?
True
Does 461 divide 972249?
True
Is 18913636 a multiple of 1366?
True
Is 12 a factor of 1263244?
False
Is 11 a factor of 47258?
False
Is 9 a factor of 206608?
False
Is 86268 a multiple of 14?
True
Does 15 divide 16382332?
False
Is 207 a factor of 218546?
False
Does 2 divide 592?
True
Is 193 a factor of 6339?
False
Is 237630 a multiple of 9?
False
Is 973085 a multiple of 22?
False
Does 432 divide 663516?
False
Is 3616650 a multiple of 1539?
True
Is 67336 a multiple of 330?
False
Is 3020979 a multiple of 11?
False
Is 20410088 a multiple of 296?
True
Is 1140334 a multiple of 719?
True
Is 2741745 a multiple of 235?
True
Is 14 a factor of 26836250?
True
Is 345667 a multiple of 113?
True
Is 279 a factor of 1353150?
True
Does 30 divide 63132?
False
Does 186 divide 89888?
False
Is 18 a factor of 21119310?
True
Is 5 a factor of 573777?
False
Does 21 divide 6957153?
True
Does 485 divide 484030?
True
Is 16 a factor of 1604871?
False
Does 224 divide 6959705?
False
Does 25 divide 622164?
False
Is 67868 a multiple of 191?
False
Does 154 divide 342297?
False
Is 22 a factor of 2986194?
False
Does 153 divide 379134?
True
Is 5 a factor of 2687?
False
Is 93 a factor of 561441?
True
Is 8 a factor of 2956050?
False
Does 208 divide 33696?
True
Does 142 divide 337250?
True
Does 124 divide 6619740?
True
Is 76 a factor of 1039781?
False
Does 12 divide 878208?
True
Is 72683 a multiple of 250?
False
Is 135285 a multiple of 25?
False
Is 3 a factor of 165603?
True
Is 339 a factor of 8928625?
False
Is 49 a factor of 24321?
False
Is 10156338 a multiple of 557?
True
Is 76 a factor of 5535232?
True
Is 314023 a multiple of 31?
False
Does 556 divide 3863655?
False
Is 545652 a multiple of 276?
True
Is 576048 a multiple of 12?
True
Is 661914 a multiple of 18?
True
Is 119815 a multiple of 155?
True
Is 102 a factor of 115158?
True
Is 13 a factor of 1226446?
True
Is 317 a factor of 250747?
True
Is 90 a factor of 2790?
True
Is 6 a factor of 2140?
False
Is 2913915 a multiple of 22?
False
Does 19 divide 3208169?
True
Is 2035412 a multiple of 212?
True
Is 584 a factor of 231288?
False
Is 68 a factor of 1766009?
False
Is 21 a factor of 25490?
False
Is 6 a factor of 29640?
True
Is 5 a factor of 255715?
True
Is 978903 a multiple of 767?
False
Is 315 a factor of 117171?
False
Does 2 divide 263782?
True
Is 2 a factor of 91314?
True
Does 24 divide 28098360?
True
Is 25 a factor of 13640214?
False
Does 24 divide 24672?
True
Is 1197936 a multiple of 9?
True
Is 306781 a multiple of 113?
False
Is 265 a factor of 1712335?
False
Is 1039785 a multiple of 134?
False
Is 553068 a multiple of 16?
False
Is 138024 a multiple of 324?
True
Does 46 divide 1109382?
True
Is 72 a factor of 58951?
False
Is 9 a factor of 57737?
False
Is 2 a factor of 71044?
True
Is 12 a factor of 9742?
False
Does 40 divide 8097?
False
Is 412236 a multiple of 27?
True
Is 3701385 a multiple of 83?
True
Does 81 divide 2502552?
False
Is 154 a factor of 2495105?
False
Is 94 a factor of 1828739?
False
Is 152791 a multiple of 4?
False
Is 251 a factor of 1498972?
True
Does 132 divide 924?
True
Is 3878181 a multiple of 5?
False
Is 3385413 a multiple of 489?
False
Does 125 divide 1041250?
True
Does 25 divide 1339592?
False
Does 13 divide 103688?
True
Is 872448 a multiple of 6?
True
Does 1309 divide 21348747?
False
Is 262019 a multiple of 59?
True
Does 19 divide 18520190?
False
Is 29 a factor of 206538?
True
Is 400 a factor of 449200?
True
Does 84 divide 2055969?
False
Does 3 divide 140073?
True
Is 170 a factor of 1196395?
False
Is 32 a factor of 95211?
False
Is 5219218 a multiple of 43?
False
Does 15 divide 2172086?
False
Is 17262 a multiple of 6?
True
Is 537995 a multiple of 17?
False
Does 293 divide 111926?
True
Is 545 a factor of 1533925?
False
Is 21 a factor of 3025869?
True
Is 150969 a multiple of 3?
True
Does 35 divide 337225?
True
Does 117 divide 15678?
True
Is 508431 a multiple of 31?
True
Is 530440 a multiple of 298?
True
Does 25 divide 1562725?
True
Is 8 a factor of 5541666?
False
Does 26 divide 164201?
False
Is 3168430 a multiple of 34?
False
Is 900273 a multiple of 11?
True
Is 171616 a multiple of 96?
False
Does 16 divide 2423?
False
Does 460 divide 2275160?
True
Does 3 divide 58590?
True
Does 15 divide 553594?
False
Is 90 a factor of 5372085?
False
Does 741 divide 793611?
True
Is 913891 a multiple of 4?
False
Is 14 a factor of 856114?
True
Is 1167159 a multiple of 464?
False
Is 65316 a multiple of 534?
False
Is 4 a factor of 230740?
True
Is 1177081 a multiple of 29?
True
Is 14 a factor of 96124?
True
Is 512 a factor of 2461184?
True
Is 3 a factor of 121868?
False
Is 42 a factor of 156022?
False
Is 594699 a multiple of 7?
True
Is 340 a factor of 556580?
True
Does 8 divide 4222940?
False
Does 88 divide 500368?
True
Is 74 a factor of 59940?
True
Is 905695 a multiple of 5?
True
Does 816 divide 1266432?
True
Does 236 divide 392704?
True
Is 138 a factor of 429180?
True
Is 31 a factor of 217538?
False
Does 7 divide 297248?
True
Is 12 a factor of 380774?
False
Does 8 divide 270968?
True
Does 3 divide 182?
Fal